{"id":13745,"date":"2021-09-07T20:14:59","date_gmt":"2021-09-07T20:14:59","guid":{"rendered":"https:\/\/elabpl.wpengine.com\/product\/organic-mask\/"},"modified":"2021-11-10T21:13:08","modified_gmt":"2021-11-10T21:13:08","slug":"masque-biologique","status":"publish","type":"product","link":"https:\/\/europelab.ca\/fr\/produit\/masque-biologique\/","title":{"rendered":"Masque Biologique"},"content":{"rendered":"<p>Appliquer une l\u00e9g\u00e8re couche \u00e0 la main ou au un pinceau et laisser reposer pendant 10 et 15 minutes. Rincer abondamment avec de l\u2019eau ti\u00e8de. Pour un usage externe seulement. \u00c9viter tout contact avec les yeux.<\/p>\n","protected":false},"excerpt":{"rendered":"<p>Masque id\u00e9al pour am\u00e9liorer visiblement la texture de la peau et offrir un effet bonne-mine imm\u00e9diat de tout le visage. Son complexe d\u2019ingr\u00e9dients d\u00e9toxifiants et absorbants aide \u00e0 \u00e9liminer l\u2019exc\u00e8s de s\u00e9bum tout en am\u00e9liorant l\u2019aspect des pores pour offrir un grain de peau sublim\u00e9. Sa formule enrichie en compos\u00e9s \u00e9mollients, antioxydants et apaisants assure un teint visiblement plus frais et plus lumineux tout en laissant la peau ultradouce et satin\u00e9e au toucher. Utilis\u00e9 \u00e0 une fr\u00e9quence hebdomadaire, ce soin aide le visage \u00e0 retrouver toute sa fraicheur et toute sa vitalit\u00e9.<\/p>\n","protected":false},"featured_media":14733,"comment_status":"closed","ping_status":"closed","template":"","meta":[],"product_brand":[],"product_cat":[130,138,116,125,134,139,132,133],"product_tag":[],"class_list":{"0":"post-13745","1":"product","2":"type-product","3":"status-publish","4":"has-post-thumbnail","6":"product_cat-acne-fr","7":"product_cat-anti-age-rides","8":"product_cat-collection-biologique","9":"product_cat-masques","10":"product_cat-peau-deshydratee","11":"product_cat-peau-mature-lache","12":"product_cat-peau-normale-sensible-rosacee","13":"product_cat-peau-seche","15":"first","16":"instock","17":"sold-individually","18":"taxable","19":"shipping-taxable","20":"product-type-simple"},"yoast_head":"<!-- This site is optimized with the Yoast SEO plugin v27.5 - https:\/\/yoast.com\/product\/yoast-seo-wordpress\/ -->\n<title>Masque Biologique - Europelab<\/title>\n<meta name=\"description\" content=\"Masque id\u00e9al pour am\u00e9liorer visiblement la texture de la peau et offrir un effet bonne-mine imm\u00e9diat de tout le visage. Son complexe d\u2019ingr\u00e9dients d\u00e9toxifiants et absorbants aide \u00e0 \u00e9liminer l\u2019exc\u00e8s de s\u00e9bum tout en am\u00e9liorant l\u2019aspect des pores pour offrir un grain de peau sublim\u00e9. Sa formule enrichie en compos\u00e9s \u00e9mollients, antioxydants et apaisants assure un teint visiblement plus frais et plus lumineux tout en laissant la peau ultradouce et satin\u00e9e au toucher. Utilis\u00e9 \u00e0 une fr\u00e9quence hebdomadaire, ce soin aide le visage \u00e0 retrouver toute sa fraicheur et toute sa vitalit\u00e9.\" \/>\n<meta name=\"robots\" content=\"index, follow, max-snippet:-1, max-image-preview:large, max-video-preview:-1\" \/>\n<link rel=\"canonical\" href=\"https:\/\/europelab.ca\/fr\/produit\/masque-biologique\/\" \/>\n<meta property=\"og:locale\" content=\"fr_FR\" \/>\n<meta property=\"og:type\" content=\"article\" \/>\n<meta property=\"og:title\" content=\"Masque Biologique - Europelab\" \/>\n<meta property=\"og:description\" content=\"Masque id\u00e9al pour am\u00e9liorer visiblement la texture de la peau et offrir un effet bonne-mine imm\u00e9diat de tout le visage. Son complexe d\u2019ingr\u00e9dients d\u00e9toxifiants et absorbants aide \u00e0 \u00e9liminer l\u2019exc\u00e8s de s\u00e9bum tout en am\u00e9liorant l\u2019aspect des pores pour offrir un grain de peau sublim\u00e9. Sa formule enrichie en compos\u00e9s \u00e9mollients, antioxydants et apaisants assure un teint visiblement plus frais et plus lumineux tout en laissant la peau ultradouce et satin\u00e9e au toucher. Utilis\u00e9 \u00e0 une fr\u00e9quence hebdomadaire, ce soin aide le visage \u00e0 retrouver toute sa fraicheur et toute sa vitalit\u00e9.\" \/>\n<meta property=\"og:url\" content=\"https:\/\/europelab.ca\/fr\/produit\/masque-biologique\/\" \/>\n<meta property=\"og:site_name\" content=\"Europelab\" \/>\n<meta property=\"article:modified_time\" content=\"2021-11-10T21:13:08+00:00\" \/>\n<meta property=\"og:image\" content=\"https:\/\/europelab.ca\/wp-content\/uploads\/2023\/11\/Organic-Mask.jpg\" \/>\n\t<meta property=\"og:image:width\" content=\"1200\" \/>\n\t<meta property=\"og:image:height\" content=\"1200\" \/>\n\t<meta property=\"og:image:type\" content=\"image\/jpeg\" \/>\n<meta name=\"twitter:card\" content=\"summary_large_image\" \/>\n<script type=\"application\/ld+json\" class=\"yoast-schema-graph\">{\"@context\":\"https:\\\/\\\/schema.org\",\"@graph\":[{\"@type\":\"WebPage\",\"@id\":\"https:\\\/\\\/europelab.ca\\\/fr\\\/produit\\\/masque-biologique\\\/\",\"url\":\"https:\\\/\\\/europelab.ca\\\/fr\\\/produit\\\/masque-biologique\\\/\",\"name\":\"Masque Biologique - Europelab\",\"isPartOf\":{\"@id\":\"https:\\\/\\\/europelab.ca\\\/fr\\\/#website\"},\"primaryImageOfPage\":{\"@id\":\"https:\\\/\\\/europelab.ca\\\/fr\\\/produit\\\/masque-biologique\\\/#primaryimage\"},\"image\":{\"@id\":\"https:\\\/\\\/europelab.ca\\\/fr\\\/produit\\\/masque-biologique\\\/#primaryimage\"},\"thumbnailUrl\":\"https:\\\/\\\/europelab.ca\\\/wp-content\\\/uploads\\\/2023\\\/11\\\/Organic-Mask.jpg\",\"datePublished\":\"2021-09-07T20:14:59+00:00\",\"dateModified\":\"2021-11-10T21:13:08+00:00\",\"description\":\"Masque id\u00e9al pour am\u00e9liorer visiblement la texture de la peau et offrir un effet bonne-mine imm\u00e9diat de tout le visage. Son complexe d\u2019ingr\u00e9dients d\u00e9toxifiants et absorbants aide \u00e0 \u00e9liminer l\u2019exc\u00e8s de s\u00e9bum tout en am\u00e9liorant l\u2019aspect des pores pour offrir un grain de peau sublim\u00e9. Sa formule enrichie en compos\u00e9s \u00e9mollients, antioxydants et apaisants assure un teint visiblement plus frais et plus lumineux tout en laissant la peau ultradouce et satin\u00e9e au toucher. Utilis\u00e9 \u00e0 une fr\u00e9quence hebdomadaire, ce soin aide le visage \u00e0 retrouver toute sa fraicheur et toute sa vitalit\u00e9.\",\"breadcrumb\":{\"@id\":\"https:\\\/\\\/europelab.ca\\\/fr\\\/produit\\\/masque-biologique\\\/#breadcrumb\"},\"inLanguage\":\"fr-FR\",\"potentialAction\":[{\"@type\":\"ReadAction\",\"target\":[\"https:\\\/\\\/europelab.ca\\\/fr\\\/produit\\\/masque-biologique\\\/\"]}]},{\"@type\":\"ImageObject\",\"inLanguage\":\"fr-FR\",\"@id\":\"https:\\\/\\\/europelab.ca\\\/fr\\\/produit\\\/masque-biologique\\\/#primaryimage\",\"url\":\"https:\\\/\\\/europelab.ca\\\/wp-content\\\/uploads\\\/2023\\\/11\\\/Organic-Mask.jpg\",\"contentUrl\":\"https:\\\/\\\/europelab.ca\\\/wp-content\\\/uploads\\\/2023\\\/11\\\/Organic-Mask.jpg\",\"width\":1200,\"height\":1200,\"caption\":\"Masque Biologique\"},{\"@type\":\"BreadcrumbList\",\"@id\":\"https:\\\/\\\/europelab.ca\\\/fr\\\/produit\\\/masque-biologique\\\/#breadcrumb\",\"itemListElement\":[{\"@type\":\"ListItem\",\"position\":1,\"name\":\"Accueil\",\"item\":\"https:\\\/\\\/europelab.ca\\\/fr\\\/\"},{\"@type\":\"ListItem\",\"position\":2,\"name\":\"Produits\",\"item\":\"https:\\\/\\\/europelab.ca\\\/fr\\\/shop\\\/\"},{\"@type\":\"ListItem\",\"position\":3,\"name\":\"Masque Biologique\"}]},{\"@type\":\"WebSite\",\"@id\":\"https:\\\/\\\/europelab.ca\\\/fr\\\/#website\",\"url\":\"https:\\\/\\\/europelab.ca\\\/fr\\\/\",\"name\":\"Europelab\",\"description\":\"Private Label, Made Simple.\",\"potentialAction\":[{\"@type\":\"SearchAction\",\"target\":{\"@type\":\"EntryPoint\",\"urlTemplate\":\"https:\\\/\\\/europelab.ca\\\/fr\\\/?s={search_term_string}\"},\"query-input\":{\"@type\":\"PropertyValueSpecification\",\"valueRequired\":true,\"valueName\":\"search_term_string\"}}],\"inLanguage\":\"fr-FR\"}]}<\/script>\n<!-- \/ Yoast SEO plugin. -->","yoast_head_json":{"title":"Masque Biologique - Europelab","description":"Masque id\u00e9al pour am\u00e9liorer visiblement la texture de la peau et offrir un effet bonne-mine imm\u00e9diat de tout le visage. Son complexe d\u2019ingr\u00e9dients d\u00e9toxifiants et absorbants aide \u00e0 \u00e9liminer l\u2019exc\u00e8s de s\u00e9bum tout en am\u00e9liorant l\u2019aspect des pores pour offrir un grain de peau sublim\u00e9. Sa formule enrichie en compos\u00e9s \u00e9mollients, antioxydants et apaisants assure un teint visiblement plus frais et plus lumineux tout en laissant la peau ultradouce et satin\u00e9e au toucher. Utilis\u00e9 \u00e0 une fr\u00e9quence hebdomadaire, ce soin aide le visage \u00e0 retrouver toute sa fraicheur et toute sa vitalit\u00e9.","robots":{"index":"index","follow":"follow","max-snippet":"max-snippet:-1","max-image-preview":"max-image-preview:large","max-video-preview":"max-video-preview:-1"},"canonical":"https:\/\/europelab.ca\/fr\/produit\/masque-biologique\/","og_locale":"fr_FR","og_type":"article","og_title":"Masque Biologique - Europelab","og_description":"Masque id\u00e9al pour am\u00e9liorer visiblement la texture de la peau et offrir un effet bonne-mine imm\u00e9diat de tout le visage. Son complexe d\u2019ingr\u00e9dients d\u00e9toxifiants et absorbants aide \u00e0 \u00e9liminer l\u2019exc\u00e8s de s\u00e9bum tout en am\u00e9liorant l\u2019aspect des pores pour offrir un grain de peau sublim\u00e9. Sa formule enrichie en compos\u00e9s \u00e9mollients, antioxydants et apaisants assure un teint visiblement plus frais et plus lumineux tout en laissant la peau ultradouce et satin\u00e9e au toucher. Utilis\u00e9 \u00e0 une fr\u00e9quence hebdomadaire, ce soin aide le visage \u00e0 retrouver toute sa fraicheur et toute sa vitalit\u00e9.","og_url":"https:\/\/europelab.ca\/fr\/produit\/masque-biologique\/","og_site_name":"Europelab","article_modified_time":"2021-11-10T21:13:08+00:00","og_image":[{"width":1200,"height":1200,"url":"https:\/\/europelab.ca\/wp-content\/uploads\/2023\/11\/Organic-Mask.jpg","type":"image\/jpeg"}],"twitter_card":"summary_large_image","schema":{"@context":"https:\/\/schema.org","@graph":[{"@type":"WebPage","@id":"https:\/\/europelab.ca\/fr\/produit\/masque-biologique\/","url":"https:\/\/europelab.ca\/fr\/produit\/masque-biologique\/","name":"Masque Biologique - Europelab","isPartOf":{"@id":"https:\/\/europelab.ca\/fr\/#website"},"primaryImageOfPage":{"@id":"https:\/\/europelab.ca\/fr\/produit\/masque-biologique\/#primaryimage"},"image":{"@id":"https:\/\/europelab.ca\/fr\/produit\/masque-biologique\/#primaryimage"},"thumbnailUrl":"https:\/\/europelab.ca\/wp-content\/uploads\/2023\/11\/Organic-Mask.jpg","datePublished":"2021-09-07T20:14:59+00:00","dateModified":"2021-11-10T21:13:08+00:00","description":"Masque id\u00e9al pour am\u00e9liorer visiblement la texture de la peau et offrir un effet bonne-mine imm\u00e9diat de tout le visage. Son complexe d\u2019ingr\u00e9dients d\u00e9toxifiants et absorbants aide \u00e0 \u00e9liminer l\u2019exc\u00e8s de s\u00e9bum tout en am\u00e9liorant l\u2019aspect des pores pour offrir un grain de peau sublim\u00e9. Sa formule enrichie en compos\u00e9s \u00e9mollients, antioxydants et apaisants assure un teint visiblement plus frais et plus lumineux tout en laissant la peau ultradouce et satin\u00e9e au toucher. Utilis\u00e9 \u00e0 une fr\u00e9quence hebdomadaire, ce soin aide le visage \u00e0 retrouver toute sa fraicheur et toute sa vitalit\u00e9.","breadcrumb":{"@id":"https:\/\/europelab.ca\/fr\/produit\/masque-biologique\/#breadcrumb"},"inLanguage":"fr-FR","potentialAction":[{"@type":"ReadAction","target":["https:\/\/europelab.ca\/fr\/produit\/masque-biologique\/"]}]},{"@type":"ImageObject","inLanguage":"fr-FR","@id":"https:\/\/europelab.ca\/fr\/produit\/masque-biologique\/#primaryimage","url":"https:\/\/europelab.ca\/wp-content\/uploads\/2023\/11\/Organic-Mask.jpg","contentUrl":"https:\/\/europelab.ca\/wp-content\/uploads\/2023\/11\/Organic-Mask.jpg","width":1200,"height":1200,"caption":"Masque Biologique"},{"@type":"BreadcrumbList","@id":"https:\/\/europelab.ca\/fr\/produit\/masque-biologique\/#breadcrumb","itemListElement":[{"@type":"ListItem","position":1,"name":"Accueil","item":"https:\/\/europelab.ca\/fr\/"},{"@type":"ListItem","position":2,"name":"Produits","item":"https:\/\/europelab.ca\/fr\/shop\/"},{"@type":"ListItem","position":3,"name":"Masque Biologique"}]},{"@type":"WebSite","@id":"https:\/\/europelab.ca\/fr\/#website","url":"https:\/\/europelab.ca\/fr\/","name":"Europelab","description":"Private Label, Made Simple.","potentialAction":[{"@type":"SearchAction","target":{"@type":"EntryPoint","urlTemplate":"https:\/\/europelab.ca\/fr\/?s={search_term_string}"},"query-input":{"@type":"PropertyValueSpecification","valueRequired":true,"valueName":"search_term_string"}}],"inLanguage":"fr-FR"}]}},"_links":{"self":[{"href":"https:\/\/europelab.ca\/fr\/wp-json\/wp\/v2\/product\/13745","targetHints":{"allow":["GET"]}}],"collection":[{"href":"https:\/\/europelab.ca\/fr\/wp-json\/wp\/v2\/product"}],"about":[{"href":"https:\/\/europelab.ca\/fr\/wp-json\/wp\/v2\/types\/product"}],"replies":[{"embeddable":true,"href":"https:\/\/europelab.ca\/fr\/wp-json\/wp\/v2\/comments?post=13745"}],"wp:featuredmedia":[{"embeddable":true,"href":"https:\/\/europelab.ca\/fr\/wp-json\/wp\/v2\/media\/14733"}],"wp:attachment":[{"href":"https:\/\/europelab.ca\/fr\/wp-json\/wp\/v2\/media?parent=13745"}],"wp:term":[{"taxonomy":"product_brand","embeddable":true,"href":"https:\/\/europelab.ca\/fr\/wp-json\/wp\/v2\/product_brand?post=13745"},{"taxonomy":"product_cat","embeddable":true,"href":"https:\/\/europelab.ca\/fr\/wp-json\/wp\/v2\/product_cat?post=13745"},{"taxonomy":"product_tag","embeddable":true,"href":"https:\/\/europelab.ca\/fr\/wp-json\/wp\/v2\/product_tag?post=13745"}],"curies":[{"name":"wp","href":"https:\/\/api.w.org\/{rel}","templated":true}]}}

<p>Appliquer une légère couche à la main ou au un pinceau et laisser reposer pendant 10 et 15 minutes. Rincer abondamment avec de l’eau tiède. Pour un usage externe seulement. Éviter tout contact avec les yeux.</p>

<p>Masque idéal pour améliorer visiblement la texture de la peau et offrir un effet bonne-mine immédiat de tout le visage. Son complexe d’ingrédients détoxifiants et absorbants aide à éliminer l’excès de sébum tout en améliorant l’aspect des pores pour offrir un grain de peau sublimé. Sa formule enrichie en composés émollients, antioxydants et apaisants assure un teint visiblement plus frais et plus lumineux tout en laissant la peau ultradouce et satinée au toucher. Utilisé à une fréquence hebdomadaire, ce soin aide le visage à retrouver toute sa fraicheur et toute sa vitalité.</p>

<!-- This site is optimized with the Yoast SEO plugin v27.5 - https://yoast.com/product/yoast-seo-wordpress/ -->
<title>Masque Biologique - Europelab</title>
<meta name="description" content="Masque idéal pour améliorer visiblement la texture de la peau et offrir un effet bonne-mine immédiat de tout le visage. Son complexe d’ingrédients détoxifiants et absorbants aide à éliminer l’excès de sébum tout en améliorant l’aspect des pores pour offrir un grain de peau sublimé. Sa formule enrichie en composés émollients, antioxydants et apaisants assure un teint visiblement plus frais et plus lumineux tout en laissant la peau ultradouce et satinée au toucher. Utilisé à une fréquence hebdomadaire, ce soin aide le visage à retrouver toute sa fraicheur et toute sa vitalité." />
<meta name="robots" content="index, follow, max-snippet:-1, max-image-preview:large, max-video-preview:-1" />
<link rel="canonical" href="https://europelab.ca/fr/produit/masque-biologique/" />
<meta property="og:locale" content="fr_FR" />
<meta property="og:type" content="article" />
<meta property="og:title" content="Masque Biologique - Europelab" />
<meta property="og:description" content="Masque idéal pour améliorer visiblement la texture de la peau et offrir un effet bonne-mine immédiat de tout le visage. Son complexe d’ingrédients détoxifiants et absorbants aide à éliminer l’excès de sébum tout en améliorant l’aspect des pores pour offrir un grain de peau sublimé. Sa formule enrichie en composés émollients, antioxydants et apaisants assure un teint visiblement plus frais et plus lumineux tout en laissant la peau ultradouce et satinée au toucher. Utilisé à une fréquence hebdomadaire, ce soin aide le visage à retrouver toute sa fraicheur et toute sa vitalité." />
<meta property="og:url" content="https://europelab.ca/fr/produit/masque-biologique/" />
<meta property="og:site_name" content="Europelab" />
<meta property="article:modified_time" content="2021-11-10T21:13:08+00:00" />
<meta property="og:image" content="https://europelab.ca/wp-content/uploads/2023/11/Organic-Mask.jpg" />
	<meta property="og:image:width" content="1200" />
	<meta property="og:image:height" content="1200" />
	<meta property="og:image:type" content="image/jpeg" />
<meta name="twitter:card" content="summary_large_image" />
<script type="application/ld+json" class="yoast-schema-graph">{"@context":"https:\/\/schema.org","@graph":[{"@type":"WebPage","@id":"https:\/\/europelab.ca\/fr\/produit\/masque-biologique\/","url":"https:\/\/europelab.ca\/fr\/produit\/masque-biologique\/","name":"Masque Biologique - Europelab","isPartOf":{"@id":"https:\/\/europelab.ca\/fr\/#website"},"primaryImageOfPage":{"@id":"https:\/\/europelab.ca\/fr\/produit\/masque-biologique\/#primaryimage"},"image":{"@id":"https:\/\/europelab.ca\/fr\/produit\/masque-biologique\/#primaryimage"},"thumbnailUrl":"https:\/\/europelab.ca\/wp-content\/uploads\/2023\/11\/Organic-Mask.jpg","datePublished":"2021-09-07T20:14:59+00:00","dateModified":"2021-11-10T21:13:08+00:00","description":"Masque idéal pour améliorer visiblement la texture de la peau et offrir un effet bonne-mine immédiat de tout le visage. Son complexe d’ingrédients détoxifiants et absorbants aide à éliminer l’excès de sébum tout en améliorant l’aspect des pores pour offrir un grain de peau sublimé. Sa formule enrichie en composés émollients, antioxydants et apaisants assure un teint visiblement plus frais et plus lumineux tout en laissant la peau ultradouce et satinée au toucher. Utilisé à une fréquence hebdomadaire, ce soin aide le visage à retrouver toute sa fraicheur et toute sa vitalité.","breadcrumb":{"@id":"https:\/\/europelab.ca\/fr\/produit\/masque-biologique\/#breadcrumb"},"inLanguage":"fr-FR","potentialAction":[{"@type":"ReadAction","target":["https:\/\/europelab.ca\/fr\/produit\/masque-biologique\/"]}]},{"@type":"ImageObject","inLanguage":"fr-FR","@id":"https:\/\/europelab.ca\/fr\/produit\/masque-biologique\/#primaryimage","url":"https:\/\/europelab.ca\/wp-content\/uploads\/2023\/11\/Organic-Mask.jpg","contentUrl":"https:\/\/europelab.ca\/wp-content\/uploads\/2023\/11\/Organic-Mask.jpg","width":1200,"height":1200,"caption":"Masque Biologique"},{"@type":"BreadcrumbList","@id":"https:\/\/europelab.ca\/fr\/produit\/masque-biologique\/#breadcrumb","itemListElement":[{"@type":"ListItem","position":1,"name":"Accueil","item":"https:\/\/europelab.ca\/fr\/"},{"@type":"ListItem","position":2,"name":"Produits","item":"https:\/\/europelab.ca\/fr\/shop\/"},{"@type":"ListItem","position":3,"name":"Masque Biologique"}]},{"@type":"WebSite","@id":"https:\/\/europelab.ca\/fr\/#website","url":"https:\/\/europelab.ca\/fr\/","name":"Europelab","description":"Private Label, Made Simple.","potentialAction":[{"@type":"SearchAction","target":{"@type":"EntryPoint","urlTemplate":"https:\/\/europelab.ca\/fr\/?s={search_term_string}"},"query-input":{"@type":"PropertyValueSpecification","valueRequired":true,"valueName":"search_term_string"}}],"inLanguage":"fr-FR"}]}</script>
<!-- / Yoast SEO plugin. -->

Masque idéal pour améliorer visiblement la texture de la peau et offrir un effet bonne-mine immédiat de tout le visage. Son complexe d’ingrédients détoxifiants et absorbants aide à éliminer l’excès de sébum tout en améliorant l’aspect des pores pour offrir un grain de peau sublimé. Sa formule enrichie en composés émollients, antioxydants et apaisants assure un teint visiblement plus frais et plus lumineux tout en laissant la peau ultradouce et satinée au toucher. Utilisé à une fréquence hebdomadaire, ce soin aide le visage à retrouver toute sa fraicheur et toute sa vitalité.
