{"id":13695,"date":"2021-09-07T20:14:00","date_gmt":"2021-09-07T20:14:00","guid":{"rendered":"https:\/\/elabpl.wpengine.com\/product\/mask\/"},"modified":"2025-09-14T14:05:14","modified_gmt":"2025-09-14T14:05:14","slug":"masque","status":"publish","type":"product","link":"https:\/\/europelab.ca\/fr\/produit\/masque\/","title":{"rendered":"Masque"},"content":{"rendered":"<p>Une fois par semaine, appliquer le Masque avec un pinceau ou les doigts sur une peau parfaitement nettoy\u00e9e. Laisser agir de 10 \u00e0 20 minutes puis rincer et s\u00e9cher. Appliquer ensuite les produits de soins appropri\u00e9s au type de peau. \u00c9viter tout contact avec les yeux.<\/p>\n","protected":false},"excerpt":{"rendered":"<p>Ce Masque Hypoallerg\u00e9nique est formul\u00e9 pour convenir \u00e0 tous les types de peaux y compris les plus sensibles. Sa texture douce et cr\u00e9meuse se r\u00e9pand uniform\u00e9ment sur la peau pour former un voile nourrissant, hydratant et apaisant. Apr\u00e8s une application de 10 minutes, le visage retrouve sa fra\u00eecheur et sa vitalit\u00e9. Ce traitement peut \u00e9galement \u00eatre utilis\u00e9 sur la zone d\u00e9licate du contour des yeux pour un effet plus lumineux.<\/p>\n","protected":false},"featured_media":14696,"comment_status":"closed","ping_status":"closed","template":"","meta":[],"product_brand":[],"product_cat":[130,131,138,117,125,134,135,139,136,132,133],"product_tag":[],"class_list":{"0":"post-13695","1":"product","2":"type-product","3":"status-publish","4":"has-post-thumbnail","6":"product_cat-acne-fr","7":"product_cat-acne-rosacee","8":"product_cat-anti-age-rides","9":"product_cat-collection-classique","10":"product_cat-masques","11":"product_cat-peau-deshydratee","12":"product_cat-peau-grasse","13":"product_cat-peau-mature-lache","14":"product_cat-peau-mixte","15":"product_cat-peau-normale-sensible-rosacee","16":"product_cat-peau-seche","18":"first","19":"instock","20":"sold-individually","21":"taxable","22":"shipping-taxable","23":"product-type-simple"},"yoast_head":"<!-- This site is optimized with the Yoast SEO plugin v27.4 - https:\/\/yoast.com\/product\/yoast-seo-wordpress\/ -->\n<title>Masque - Europelab<\/title>\n<meta name=\"description\" content=\"Ce Masque Hypoallerg\u00e9nique est formul\u00e9 pour convenir \u00e0 tous les types de peaux y compris les plus sensibles. Sa texture douce et cr\u00e9meuse se r\u00e9pand uniform\u00e9ment sur la peau pour former un voile nourrissant, hydratant et apaisant. Apr\u00e8s une application de 10 minutes, le visage retrouve sa fra\u00eecheur et sa vitalit\u00e9. Ce traitement peut \u00e9galement \u00eatre utilis\u00e9 sur la zone d\u00e9licate du contour des yeux pour un effet plus lumineux.\" \/>\n<meta name=\"robots\" content=\"index, follow, max-snippet:-1, max-image-preview:large, max-video-preview:-1\" \/>\n<link rel=\"canonical\" href=\"https:\/\/europelab.ca\/fr\/produit\/masque\/\" \/>\n<meta property=\"og:locale\" content=\"fr_FR\" \/>\n<meta property=\"og:type\" content=\"article\" \/>\n<meta property=\"og:title\" content=\"Masque - Europelab\" \/>\n<meta property=\"og:description\" content=\"Ce Masque Hypoallerg\u00e9nique est formul\u00e9 pour convenir \u00e0 tous les types de peaux y compris les plus sensibles. Sa texture douce et cr\u00e9meuse se r\u00e9pand uniform\u00e9ment sur la peau pour former un voile nourrissant, hydratant et apaisant. Apr\u00e8s une application de 10 minutes, le visage retrouve sa fra\u00eecheur et sa vitalit\u00e9. Ce traitement peut \u00e9galement \u00eatre utilis\u00e9 sur la zone d\u00e9licate du contour des yeux pour un effet plus lumineux.\" \/>\n<meta property=\"og:url\" content=\"https:\/\/europelab.ca\/fr\/produit\/masque\/\" \/>\n<meta property=\"og:site_name\" content=\"Europelab\" \/>\n<meta property=\"article:modified_time\" content=\"2025-09-14T14:05:14+00:00\" \/>\n<meta property=\"og:image\" content=\"https:\/\/europelab.ca\/wp-content\/uploads\/2023\/11\/CLASSIC-COLLECTION-Mask.jpg\" \/>\n\t<meta property=\"og:image:width\" content=\"1200\" \/>\n\t<meta property=\"og:image:height\" content=\"1200\" \/>\n\t<meta property=\"og:image:type\" content=\"image\/jpeg\" \/>\n<meta name=\"twitter:card\" content=\"summary_large_image\" \/>\n<script type=\"application\/ld+json\" class=\"yoast-schema-graph\">{\"@context\":\"https:\\\/\\\/schema.org\",\"@graph\":[{\"@type\":\"WebPage\",\"@id\":\"https:\\\/\\\/europelab.ca\\\/fr\\\/produit\\\/masque\\\/\",\"url\":\"https:\\\/\\\/europelab.ca\\\/fr\\\/produit\\\/masque\\\/\",\"name\":\"Masque - Europelab\",\"isPartOf\":{\"@id\":\"https:\\\/\\\/europelab.ca\\\/fr\\\/#website\"},\"primaryImageOfPage\":{\"@id\":\"https:\\\/\\\/europelab.ca\\\/fr\\\/produit\\\/masque\\\/#primaryimage\"},\"image\":{\"@id\":\"https:\\\/\\\/europelab.ca\\\/fr\\\/produit\\\/masque\\\/#primaryimage\"},\"thumbnailUrl\":\"https:\\\/\\\/europelab.ca\\\/wp-content\\\/uploads\\\/2023\\\/11\\\/CLASSIC-COLLECTION-Mask.jpg\",\"datePublished\":\"2021-09-07T20:14:00+00:00\",\"dateModified\":\"2025-09-14T14:05:14+00:00\",\"description\":\"Ce Masque Hypoallerg\u00e9nique est formul\u00e9 pour convenir \u00e0 tous les types de peaux y compris les plus sensibles. Sa texture douce et cr\u00e9meuse se r\u00e9pand uniform\u00e9ment sur la peau pour former un voile nourrissant, hydratant et apaisant. Apr\u00e8s une application de 10 minutes, le visage retrouve sa fra\u00eecheur et sa vitalit\u00e9. Ce traitement peut \u00e9galement \u00eatre utilis\u00e9 sur la zone d\u00e9licate du contour des yeux pour un effet plus lumineux.\",\"breadcrumb\":{\"@id\":\"https:\\\/\\\/europelab.ca\\\/fr\\\/produit\\\/masque\\\/#breadcrumb\"},\"inLanguage\":\"fr-FR\",\"potentialAction\":[{\"@type\":\"ReadAction\",\"target\":[\"https:\\\/\\\/europelab.ca\\\/fr\\\/produit\\\/masque\\\/\"]}]},{\"@type\":\"ImageObject\",\"inLanguage\":\"fr-FR\",\"@id\":\"https:\\\/\\\/europelab.ca\\\/fr\\\/produit\\\/masque\\\/#primaryimage\",\"url\":\"https:\\\/\\\/europelab.ca\\\/wp-content\\\/uploads\\\/2023\\\/11\\\/CLASSIC-COLLECTION-Mask.jpg\",\"contentUrl\":\"https:\\\/\\\/europelab.ca\\\/wp-content\\\/uploads\\\/2023\\\/11\\\/CLASSIC-COLLECTION-Mask.jpg\",\"width\":1200,\"height\":1200,\"caption\":\"Masque\"},{\"@type\":\"BreadcrumbList\",\"@id\":\"https:\\\/\\\/europelab.ca\\\/fr\\\/produit\\\/masque\\\/#breadcrumb\",\"itemListElement\":[{\"@type\":\"ListItem\",\"position\":1,\"name\":\"Accueil\",\"item\":\"https:\\\/\\\/europelab.ca\\\/fr\\\/\"},{\"@type\":\"ListItem\",\"position\":2,\"name\":\"Produits\",\"item\":\"https:\\\/\\\/europelab.ca\\\/fr\\\/shop\\\/\"},{\"@type\":\"ListItem\",\"position\":3,\"name\":\"Masque\"}]},{\"@type\":\"WebSite\",\"@id\":\"https:\\\/\\\/europelab.ca\\\/fr\\\/#website\",\"url\":\"https:\\\/\\\/europelab.ca\\\/fr\\\/\",\"name\":\"Europelab\",\"description\":\"Private Label, Made Simple.\",\"potentialAction\":[{\"@type\":\"SearchAction\",\"target\":{\"@type\":\"EntryPoint\",\"urlTemplate\":\"https:\\\/\\\/europelab.ca\\\/fr\\\/?s={search_term_string}\"},\"query-input\":{\"@type\":\"PropertyValueSpecification\",\"valueRequired\":true,\"valueName\":\"search_term_string\"}}],\"inLanguage\":\"fr-FR\"}]}<\/script>\n<!-- \/ Yoast SEO plugin. -->","yoast_head_json":{"title":"Masque - Europelab","description":"Ce Masque Hypoallerg\u00e9nique est formul\u00e9 pour convenir \u00e0 tous les types de peaux y compris les plus sensibles. Sa texture douce et cr\u00e9meuse se r\u00e9pand uniform\u00e9ment sur la peau pour former un voile nourrissant, hydratant et apaisant. Apr\u00e8s une application de 10 minutes, le visage retrouve sa fra\u00eecheur et sa vitalit\u00e9. Ce traitement peut \u00e9galement \u00eatre utilis\u00e9 sur la zone d\u00e9licate du contour des yeux pour un effet plus lumineux.","robots":{"index":"index","follow":"follow","max-snippet":"max-snippet:-1","max-image-preview":"max-image-preview:large","max-video-preview":"max-video-preview:-1"},"canonical":"https:\/\/europelab.ca\/fr\/produit\/masque\/","og_locale":"fr_FR","og_type":"article","og_title":"Masque - Europelab","og_description":"Ce Masque Hypoallerg\u00e9nique est formul\u00e9 pour convenir \u00e0 tous les types de peaux y compris les plus sensibles. Sa texture douce et cr\u00e9meuse se r\u00e9pand uniform\u00e9ment sur la peau pour former un voile nourrissant, hydratant et apaisant. Apr\u00e8s une application de 10 minutes, le visage retrouve sa fra\u00eecheur et sa vitalit\u00e9. Ce traitement peut \u00e9galement \u00eatre utilis\u00e9 sur la zone d\u00e9licate du contour des yeux pour un effet plus lumineux.","og_url":"https:\/\/europelab.ca\/fr\/produit\/masque\/","og_site_name":"Europelab","article_modified_time":"2025-09-14T14:05:14+00:00","og_image":[{"width":1200,"height":1200,"url":"https:\/\/europelab.ca\/wp-content\/uploads\/2023\/11\/CLASSIC-COLLECTION-Mask.jpg","type":"image\/jpeg"}],"twitter_card":"summary_large_image","schema":{"@context":"https:\/\/schema.org","@graph":[{"@type":"WebPage","@id":"https:\/\/europelab.ca\/fr\/produit\/masque\/","url":"https:\/\/europelab.ca\/fr\/produit\/masque\/","name":"Masque - Europelab","isPartOf":{"@id":"https:\/\/europelab.ca\/fr\/#website"},"primaryImageOfPage":{"@id":"https:\/\/europelab.ca\/fr\/produit\/masque\/#primaryimage"},"image":{"@id":"https:\/\/europelab.ca\/fr\/produit\/masque\/#primaryimage"},"thumbnailUrl":"https:\/\/europelab.ca\/wp-content\/uploads\/2023\/11\/CLASSIC-COLLECTION-Mask.jpg","datePublished":"2021-09-07T20:14:00+00:00","dateModified":"2025-09-14T14:05:14+00:00","description":"Ce Masque Hypoallerg\u00e9nique est formul\u00e9 pour convenir \u00e0 tous les types de peaux y compris les plus sensibles. Sa texture douce et cr\u00e9meuse se r\u00e9pand uniform\u00e9ment sur la peau pour former un voile nourrissant, hydratant et apaisant. Apr\u00e8s une application de 10 minutes, le visage retrouve sa fra\u00eecheur et sa vitalit\u00e9. Ce traitement peut \u00e9galement \u00eatre utilis\u00e9 sur la zone d\u00e9licate du contour des yeux pour un effet plus lumineux.","breadcrumb":{"@id":"https:\/\/europelab.ca\/fr\/produit\/masque\/#breadcrumb"},"inLanguage":"fr-FR","potentialAction":[{"@type":"ReadAction","target":["https:\/\/europelab.ca\/fr\/produit\/masque\/"]}]},{"@type":"ImageObject","inLanguage":"fr-FR","@id":"https:\/\/europelab.ca\/fr\/produit\/masque\/#primaryimage","url":"https:\/\/europelab.ca\/wp-content\/uploads\/2023\/11\/CLASSIC-COLLECTION-Mask.jpg","contentUrl":"https:\/\/europelab.ca\/wp-content\/uploads\/2023\/11\/CLASSIC-COLLECTION-Mask.jpg","width":1200,"height":1200,"caption":"Masque"},{"@type":"BreadcrumbList","@id":"https:\/\/europelab.ca\/fr\/produit\/masque\/#breadcrumb","itemListElement":[{"@type":"ListItem","position":1,"name":"Accueil","item":"https:\/\/europelab.ca\/fr\/"},{"@type":"ListItem","position":2,"name":"Produits","item":"https:\/\/europelab.ca\/fr\/shop\/"},{"@type":"ListItem","position":3,"name":"Masque"}]},{"@type":"WebSite","@id":"https:\/\/europelab.ca\/fr\/#website","url":"https:\/\/europelab.ca\/fr\/","name":"Europelab","description":"Private Label, Made Simple.","potentialAction":[{"@type":"SearchAction","target":{"@type":"EntryPoint","urlTemplate":"https:\/\/europelab.ca\/fr\/?s={search_term_string}"},"query-input":{"@type":"PropertyValueSpecification","valueRequired":true,"valueName":"search_term_string"}}],"inLanguage":"fr-FR"}]}},"_links":{"self":[{"href":"https:\/\/europelab.ca\/fr\/wp-json\/wp\/v2\/product\/13695","targetHints":{"allow":["GET"]}}],"collection":[{"href":"https:\/\/europelab.ca\/fr\/wp-json\/wp\/v2\/product"}],"about":[{"href":"https:\/\/europelab.ca\/fr\/wp-json\/wp\/v2\/types\/product"}],"replies":[{"embeddable":true,"href":"https:\/\/europelab.ca\/fr\/wp-json\/wp\/v2\/comments?post=13695"}],"wp:featuredmedia":[{"embeddable":true,"href":"https:\/\/europelab.ca\/fr\/wp-json\/wp\/v2\/media\/14696"}],"wp:attachment":[{"href":"https:\/\/europelab.ca\/fr\/wp-json\/wp\/v2\/media?parent=13695"}],"wp:term":[{"taxonomy":"product_brand","embeddable":true,"href":"https:\/\/europelab.ca\/fr\/wp-json\/wp\/v2\/product_brand?post=13695"},{"taxonomy":"product_cat","embeddable":true,"href":"https:\/\/europelab.ca\/fr\/wp-json\/wp\/v2\/product_cat?post=13695"},{"taxonomy":"product_tag","embeddable":true,"href":"https:\/\/europelab.ca\/fr\/wp-json\/wp\/v2\/product_tag?post=13695"}],"curies":[{"name":"wp","href":"https:\/\/api.w.org\/{rel}","templated":true}]}}

<p>Une fois par semaine, appliquer le Masque avec un pinceau ou les doigts sur une peau parfaitement nettoyée. Laisser agir de 10 à 20 minutes puis rincer et sécher. Appliquer ensuite les produits de soins appropriés au type de peau. Éviter tout contact avec les yeux.</p>

<p>Ce Masque Hypoallergénique est formulé pour convenir à tous les types de peaux y compris les plus sensibles. Sa texture douce et crémeuse se répand uniformément sur la peau pour former un voile nourrissant, hydratant et apaisant. Après une application de 10 minutes, le visage retrouve sa fraîcheur et sa vitalité. Ce traitement peut également être utilisé sur la zone délicate du contour des yeux pour un effet plus lumineux.</p>

<!-- This site is optimized with the Yoast SEO plugin v27.4 - https://yoast.com/product/yoast-seo-wordpress/ -->
<title>Masque - Europelab</title>
<meta name="description" content="Ce Masque Hypoallergénique est formulé pour convenir à tous les types de peaux y compris les plus sensibles. Sa texture douce et crémeuse se répand uniformément sur la peau pour former un voile nourrissant, hydratant et apaisant. Après une application de 10 minutes, le visage retrouve sa fraîcheur et sa vitalité. Ce traitement peut également être utilisé sur la zone délicate du contour des yeux pour un effet plus lumineux." />
<meta name="robots" content="index, follow, max-snippet:-1, max-image-preview:large, max-video-preview:-1" />
<link rel="canonical" href="https://europelab.ca/fr/produit/masque/" />
<meta property="og:locale" content="fr_FR" />
<meta property="og:type" content="article" />
<meta property="og:title" content="Masque - Europelab" />
<meta property="og:description" content="Ce Masque Hypoallergénique est formulé pour convenir à tous les types de peaux y compris les plus sensibles. Sa texture douce et crémeuse se répand uniformément sur la peau pour former un voile nourrissant, hydratant et apaisant. Après une application de 10 minutes, le visage retrouve sa fraîcheur et sa vitalité. Ce traitement peut également être utilisé sur la zone délicate du contour des yeux pour un effet plus lumineux." />
<meta property="og:url" content="https://europelab.ca/fr/produit/masque/" />
<meta property="og:site_name" content="Europelab" />
<meta property="article:modified_time" content="2025-09-14T14:05:14+00:00" />
<meta property="og:image" content="https://europelab.ca/wp-content/uploads/2023/11/CLASSIC-COLLECTION-Mask.jpg" />
	<meta property="og:image:width" content="1200" />
	<meta property="og:image:height" content="1200" />
	<meta property="og:image:type" content="image/jpeg" />
<meta name="twitter:card" content="summary_large_image" />
<script type="application/ld+json" class="yoast-schema-graph">{"@context":"https:\/\/schema.org","@graph":[{"@type":"WebPage","@id":"https:\/\/europelab.ca\/fr\/produit\/masque\/","url":"https:\/\/europelab.ca\/fr\/produit\/masque\/","name":"Masque - Europelab","isPartOf":{"@id":"https:\/\/europelab.ca\/fr\/#website"},"primaryImageOfPage":{"@id":"https:\/\/europelab.ca\/fr\/produit\/masque\/#primaryimage"},"image":{"@id":"https:\/\/europelab.ca\/fr\/produit\/masque\/#primaryimage"},"thumbnailUrl":"https:\/\/europelab.ca\/wp-content\/uploads\/2023\/11\/CLASSIC-COLLECTION-Mask.jpg","datePublished":"2021-09-07T20:14:00+00:00","dateModified":"2025-09-14T14:05:14+00:00","description":"Ce Masque Hypoallergénique est formulé pour convenir à tous les types de peaux y compris les plus sensibles. Sa texture douce et crémeuse se répand uniformément sur la peau pour former un voile nourrissant, hydratant et apaisant. Après une application de 10 minutes, le visage retrouve sa fraîcheur et sa vitalité. Ce traitement peut également être utilisé sur la zone délicate du contour des yeux pour un effet plus lumineux.","breadcrumb":{"@id":"https:\/\/europelab.ca\/fr\/produit\/masque\/#breadcrumb"},"inLanguage":"fr-FR","potentialAction":[{"@type":"ReadAction","target":["https:\/\/europelab.ca\/fr\/produit\/masque\/"]}]},{"@type":"ImageObject","inLanguage":"fr-FR","@id":"https:\/\/europelab.ca\/fr\/produit\/masque\/#primaryimage","url":"https:\/\/europelab.ca\/wp-content\/uploads\/2023\/11\/CLASSIC-COLLECTION-Mask.jpg","contentUrl":"https:\/\/europelab.ca\/wp-content\/uploads\/2023\/11\/CLASSIC-COLLECTION-Mask.jpg","width":1200,"height":1200,"caption":"Masque"},{"@type":"BreadcrumbList","@id":"https:\/\/europelab.ca\/fr\/produit\/masque\/#breadcrumb","itemListElement":[{"@type":"ListItem","position":1,"name":"Accueil","item":"https:\/\/europelab.ca\/fr\/"},{"@type":"ListItem","position":2,"name":"Produits","item":"https:\/\/europelab.ca\/fr\/shop\/"},{"@type":"ListItem","position":3,"name":"Masque"}]},{"@type":"WebSite","@id":"https:\/\/europelab.ca\/fr\/#website","url":"https:\/\/europelab.ca\/fr\/","name":"Europelab","description":"Private Label, Made Simple.","potentialAction":[{"@type":"SearchAction","target":{"@type":"EntryPoint","urlTemplate":"https:\/\/europelab.ca\/fr\/?s={search_term_string}"},"query-input":{"@type":"PropertyValueSpecification","valueRequired":true,"valueName":"search_term_string"}}],"inLanguage":"fr-FR"}]}</script>
<!-- / Yoast SEO plugin. -->

Ce Masque Hypoallergénique est formulé pour convenir à tous les types de peaux y compris les plus sensibles. Sa texture douce et crémeuse se répand uniformément sur la peau pour former un voile nourrissant, hydratant et apaisant. Après une application de 10 minutes, le visage retrouve sa fraîcheur et sa vitalité. Ce traitement peut également être utilisé sur la zone délicate du contour des yeux pour un effet plus lumineux.
