{"id":14519,"date":"2023-10-22T11:34:21","date_gmt":"2023-10-22T11:34:21","guid":{"rendered":"https:\/\/europelab.ca\/?post_type=avada_faq&#038;p=14519"},"modified":"2023-10-22T11:34:21","modified_gmt":"2023-10-22T11:34:21","slug":"comment-puis-je-concevoir-un-emballage-qui-reflete-lessence-de-ma-marque-et-attire-les-consommateurs","status":"publish","type":"avada_faq","link":"https:\/\/europelab.ca\/fr\/faq-items\/comment-puis-je-concevoir-un-emballage-qui-reflete-lessence-de-ma-marque-et-attire-les-consommateurs\/","title":{"rendered":"Comment puis-je concevoir un emballage qui refl\u00e8te l&rsquo;essence de ma marque et attire les consommateurs ?"},"content":{"rendered":"<p>Collaborez avec des designers pour cr\u00e9er un emballage qui communique visuellement les valeurs de votre marque, les avantages cl\u00e9s et l&rsquo;exp\u00e9rience que les consommateurs peuvent attendre de vos produits.<\/p>\n","protected":false},"excerpt":{"rendered":"<p>Collaborez avec des designers pour cr\u00e9er un emballage qui communique  [&#8230;]<\/p>\n","protected":false},"author":957,"featured_media":0,"menu_order":0,"comment_status":"open","ping_status":"closed","template":"","format":"standard","meta":{"footnotes":""},"faq_category":[194],"class_list":["post-14519","avada_faq","type-avada_faq","status-publish","format-standard","hentry","faq_category-emballage"],"yoast_head":"<!-- This site is optimized with the Yoast SEO plugin v27.5 - https:\/\/yoast.com\/product\/yoast-seo-wordpress\/ -->\n<title>Comment puis-je concevoir un emballage qui refl\u00e8te l&#039;essence de ma marque et attire les consommateurs ? - Europelab<\/title>\n<meta name=\"robots\" content=\"index, follow, max-snippet:-1, max-image-preview:large, max-video-preview:-1\" \/>\n<link rel=\"canonical\" href=\"https:\/\/europelab.ca\/fr\/faq-items\/comment-puis-je-concevoir-un-emballage-qui-reflete-lessence-de-ma-marque-et-attire-les-consommateurs\/\" \/>\n<meta property=\"og:locale\" content=\"fr_FR\" \/>\n<meta property=\"og:type\" content=\"article\" \/>\n<meta property=\"og:title\" content=\"Comment puis-je concevoir un emballage qui refl\u00e8te l&#039;essence de ma marque et attire les consommateurs ? - Europelab\" \/>\n<meta property=\"og:description\" content=\"Collaborez avec des designers pour cr\u00e9er un emballage qui communique [...]\" \/>\n<meta property=\"og:url\" content=\"https:\/\/europelab.ca\/fr\/faq-items\/comment-puis-je-concevoir-un-emballage-qui-reflete-lessence-de-ma-marque-et-attire-les-consommateurs\/\" \/>\n<meta property=\"og:site_name\" content=\"Europelab\" \/>\n<meta property=\"og:image\" content=\"https:\/\/europelab.ca\/wp-content\/uploads\/2021\/09\/elab-logo.png\" \/>\n\t<meta property=\"og:image:width\" content=\"189\" \/>\n\t<meta property=\"og:image:height\" content=\"59\" \/>\n\t<meta property=\"og:image:type\" content=\"image\/png\" \/>\n<meta name=\"twitter:card\" content=\"summary_large_image\" \/>\n<script type=\"application\/ld+json\" class=\"yoast-schema-graph\">{\"@context\":\"https:\\\/\\\/schema.org\",\"@graph\":[{\"@type\":\"WebPage\",\"@id\":\"https:\\\/\\\/europelab.ca\\\/fr\\\/faq-items\\\/comment-puis-je-concevoir-un-emballage-qui-reflete-lessence-de-ma-marque-et-attire-les-consommateurs\\\/\",\"url\":\"https:\\\/\\\/europelab.ca\\\/fr\\\/faq-items\\\/comment-puis-je-concevoir-un-emballage-qui-reflete-lessence-de-ma-marque-et-attire-les-consommateurs\\\/\",\"name\":\"Comment puis-je concevoir un emballage qui refl\u00e8te l'essence de ma marque et attire les consommateurs ? - Europelab\",\"isPartOf\":{\"@id\":\"https:\\\/\\\/europelab.ca\\\/fr\\\/#website\"},\"datePublished\":\"2023-10-22T11:34:21+00:00\",\"breadcrumb\":{\"@id\":\"https:\\\/\\\/europelab.ca\\\/fr\\\/faq-items\\\/comment-puis-je-concevoir-un-emballage-qui-reflete-lessence-de-ma-marque-et-attire-les-consommateurs\\\/#breadcrumb\"},\"inLanguage\":\"fr-FR\",\"potentialAction\":[{\"@type\":\"ReadAction\",\"target\":[\"https:\\\/\\\/europelab.ca\\\/fr\\\/faq-items\\\/comment-puis-je-concevoir-un-emballage-qui-reflete-lessence-de-ma-marque-et-attire-les-consommateurs\\\/\"]}]},{\"@type\":\"BreadcrumbList\",\"@id\":\"https:\\\/\\\/europelab.ca\\\/fr\\\/faq-items\\\/comment-puis-je-concevoir-un-emballage-qui-reflete-lessence-de-ma-marque-et-attire-les-consommateurs\\\/#breadcrumb\",\"itemListElement\":[{\"@type\":\"ListItem\",\"position\":1,\"name\":\"Accueil\",\"item\":\"https:\\\/\\\/europelab.ca\\\/fr\\\/\"},{\"@type\":\"ListItem\",\"position\":2,\"name\":\"FAQs\",\"item\":\"https:\\\/\\\/europelab.ca\\\/fr\\\/faq-items\\\/\"},{\"@type\":\"ListItem\",\"position\":3,\"name\":\"Comment puis-je concevoir un emballage qui refl\u00e8te l&#8217;essence de ma marque et attire les consommateurs ?\"}]},{\"@type\":\"WebSite\",\"@id\":\"https:\\\/\\\/europelab.ca\\\/fr\\\/#website\",\"url\":\"https:\\\/\\\/europelab.ca\\\/fr\\\/\",\"name\":\"Europelab\",\"description\":\"Private Label, Made Simple.\",\"potentialAction\":[{\"@type\":\"SearchAction\",\"target\":{\"@type\":\"EntryPoint\",\"urlTemplate\":\"https:\\\/\\\/europelab.ca\\\/fr\\\/?s={search_term_string}\"},\"query-input\":{\"@type\":\"PropertyValueSpecification\",\"valueRequired\":true,\"valueName\":\"search_term_string\"}}],\"inLanguage\":\"fr-FR\"}]}<\/script>\n<!-- \/ Yoast SEO plugin. -->","yoast_head_json":{"title":"Comment puis-je concevoir un emballage qui refl\u00e8te l'essence de ma marque et attire les consommateurs ? - Europelab","robots":{"index":"index","follow":"follow","max-snippet":"max-snippet:-1","max-image-preview":"max-image-preview:large","max-video-preview":"max-video-preview:-1"},"canonical":"https:\/\/europelab.ca\/fr\/faq-items\/comment-puis-je-concevoir-un-emballage-qui-reflete-lessence-de-ma-marque-et-attire-les-consommateurs\/","og_locale":"fr_FR","og_type":"article","og_title":"Comment puis-je concevoir un emballage qui refl\u00e8te l'essence de ma marque et attire les consommateurs ? - Europelab","og_description":"Collaborez avec des designers pour cr\u00e9er un emballage qui communique [...]","og_url":"https:\/\/europelab.ca\/fr\/faq-items\/comment-puis-je-concevoir-un-emballage-qui-reflete-lessence-de-ma-marque-et-attire-les-consommateurs\/","og_site_name":"Europelab","og_image":[{"width":189,"height":59,"url":"https:\/\/europelab.ca\/wp-content\/uploads\/2021\/09\/elab-logo.png","type":"image\/png"}],"twitter_card":"summary_large_image","schema":{"@context":"https:\/\/schema.org","@graph":[{"@type":"WebPage","@id":"https:\/\/europelab.ca\/fr\/faq-items\/comment-puis-je-concevoir-un-emballage-qui-reflete-lessence-de-ma-marque-et-attire-les-consommateurs\/","url":"https:\/\/europelab.ca\/fr\/faq-items\/comment-puis-je-concevoir-un-emballage-qui-reflete-lessence-de-ma-marque-et-attire-les-consommateurs\/","name":"Comment puis-je concevoir un emballage qui refl\u00e8te l'essence de ma marque et attire les consommateurs ? - Europelab","isPartOf":{"@id":"https:\/\/europelab.ca\/fr\/#website"},"datePublished":"2023-10-22T11:34:21+00:00","breadcrumb":{"@id":"https:\/\/europelab.ca\/fr\/faq-items\/comment-puis-je-concevoir-un-emballage-qui-reflete-lessence-de-ma-marque-et-attire-les-consommateurs\/#breadcrumb"},"inLanguage":"fr-FR","potentialAction":[{"@type":"ReadAction","target":["https:\/\/europelab.ca\/fr\/faq-items\/comment-puis-je-concevoir-un-emballage-qui-reflete-lessence-de-ma-marque-et-attire-les-consommateurs\/"]}]},{"@type":"BreadcrumbList","@id":"https:\/\/europelab.ca\/fr\/faq-items\/comment-puis-je-concevoir-un-emballage-qui-reflete-lessence-de-ma-marque-et-attire-les-consommateurs\/#breadcrumb","itemListElement":[{"@type":"ListItem","position":1,"name":"Accueil","item":"https:\/\/europelab.ca\/fr\/"},{"@type":"ListItem","position":2,"name":"FAQs","item":"https:\/\/europelab.ca\/fr\/faq-items\/"},{"@type":"ListItem","position":3,"name":"Comment puis-je concevoir un emballage qui refl\u00e8te l&#8217;essence de ma marque et attire les consommateurs ?"}]},{"@type":"WebSite","@id":"https:\/\/europelab.ca\/fr\/#website","url":"https:\/\/europelab.ca\/fr\/","name":"Europelab","description":"Private Label, Made Simple.","potentialAction":[{"@type":"SearchAction","target":{"@type":"EntryPoint","urlTemplate":"https:\/\/europelab.ca\/fr\/?s={search_term_string}"},"query-input":{"@type":"PropertyValueSpecification","valueRequired":true,"valueName":"search_term_string"}}],"inLanguage":"fr-FR"}]}},"_links":{"self":[{"href":"https:\/\/europelab.ca\/fr\/wp-json\/wp\/v2\/avada_faq\/14519","targetHints":{"allow":["GET"]}}],"collection":[{"href":"https:\/\/europelab.ca\/fr\/wp-json\/wp\/v2\/avada_faq"}],"about":[{"href":"https:\/\/europelab.ca\/fr\/wp-json\/wp\/v2\/types\/avada_faq"}],"author":[{"embeddable":true,"href":"https:\/\/europelab.ca\/fr\/wp-json\/wp\/v2\/users\/957"}],"replies":[{"embeddable":true,"href":"https:\/\/europelab.ca\/fr\/wp-json\/wp\/v2\/comments?post=14519"}],"version-history":[{"count":0,"href":"https:\/\/europelab.ca\/fr\/wp-json\/wp\/v2\/avada_faq\/14519\/revisions"}],"wp:attachment":[{"href":"https:\/\/europelab.ca\/fr\/wp-json\/wp\/v2\/media?parent=14519"}],"wp:term":[{"taxonomy":"faq_category","embeddable":true,"href":"https:\/\/europelab.ca\/fr\/wp-json\/wp\/v2\/faq_category?post=14519"}],"curies":[{"name":"wp","href":"https:\/\/api.w.org\/{rel}","templated":true}]}}

Comment puis-je concevoir un emballage qui reflète l&rsquo;essence de ma marque et attire les consommateurs ?

<p>Collaborez avec des designers pour créer un emballage qui communique visuellement les valeurs de votre marque, les avantages clés et l&rsquo;expérience que les consommateurs peuvent attendre de vos produits.</p>

<p>Collaborez avec des designers pour créer un emballage qui communique  [&#8230;]</p>

<!-- This site is optimized with the Yoast SEO plugin v27.5 - https://yoast.com/product/yoast-seo-wordpress/ -->
<title>Comment puis-je concevoir un emballage qui reflète l&#039;essence de ma marque et attire les consommateurs ? - Europelab</title>
<meta name="robots" content="index, follow, max-snippet:-1, max-image-preview:large, max-video-preview:-1" />
<link rel="canonical" href="https://europelab.ca/fr/faq-items/comment-puis-je-concevoir-un-emballage-qui-reflete-lessence-de-ma-marque-et-attire-les-consommateurs/" />
<meta property="og:locale" content="fr_FR" />
<meta property="og:type" content="article" />
<meta property="og:title" content="Comment puis-je concevoir un emballage qui reflète l&#039;essence de ma marque et attire les consommateurs ? - Europelab" />
<meta property="og:description" content="Collaborez avec des designers pour créer un emballage qui communique [...]" />
<meta property="og:url" content="https://europelab.ca/fr/faq-items/comment-puis-je-concevoir-un-emballage-qui-reflete-lessence-de-ma-marque-et-attire-les-consommateurs/" />
<meta property="og:site_name" content="Europelab" />
<meta property="og:image" content="https://europelab.ca/wp-content/uploads/2021/09/elab-logo.png" />
	<meta property="og:image:width" content="189" />
	<meta property="og:image:height" content="59" />
	<meta property="og:image:type" content="image/png" />
<meta name="twitter:card" content="summary_large_image" />
<script type="application/ld+json" class="yoast-schema-graph">{"@context":"https:\/\/schema.org","@graph":[{"@type":"WebPage","@id":"https:\/\/europelab.ca\/fr\/faq-items\/comment-puis-je-concevoir-un-emballage-qui-reflete-lessence-de-ma-marque-et-attire-les-consommateurs\/","url":"https:\/\/europelab.ca\/fr\/faq-items\/comment-puis-je-concevoir-un-emballage-qui-reflete-lessence-de-ma-marque-et-attire-les-consommateurs\/","name":"Comment puis-je concevoir un emballage qui reflète l'essence de ma marque et attire les consommateurs ? - Europelab","isPartOf":{"@id":"https:\/\/europelab.ca\/fr\/#website"},"datePublished":"2023-10-22T11:34:21+00:00","breadcrumb":{"@id":"https:\/\/europelab.ca\/fr\/faq-items\/comment-puis-je-concevoir-un-emballage-qui-reflete-lessence-de-ma-marque-et-attire-les-consommateurs\/#breadcrumb"},"inLanguage":"fr-FR","potentialAction":[{"@type":"ReadAction","target":["https:\/\/europelab.ca\/fr\/faq-items\/comment-puis-je-concevoir-un-emballage-qui-reflete-lessence-de-ma-marque-et-attire-les-consommateurs\/"]}]},{"@type":"BreadcrumbList","@id":"https:\/\/europelab.ca\/fr\/faq-items\/comment-puis-je-concevoir-un-emballage-qui-reflete-lessence-de-ma-marque-et-attire-les-consommateurs\/#breadcrumb","itemListElement":[{"@type":"ListItem","position":1,"name":"Accueil","item":"https:\/\/europelab.ca\/fr\/"},{"@type":"ListItem","position":2,"name":"FAQs","item":"https:\/\/europelab.ca\/fr\/faq-items\/"},{"@type":"ListItem","position":3,"name":"Comment puis-je concevoir un emballage qui reflète l&#8217;essence de ma marque et attire les consommateurs ?"}]},{"@type":"WebSite","@id":"https:\/\/europelab.ca\/fr\/#website","url":"https:\/\/europelab.ca\/fr\/","name":"Europelab","description":"Private Label, Made Simple.","potentialAction":[{"@type":"SearchAction","target":{"@type":"EntryPoint","urlTemplate":"https:\/\/europelab.ca\/fr\/?s={search_term_string}"},"query-input":{"@type":"PropertyValueSpecification","valueRequired":true,"valueName":"search_term_string"}}],"inLanguage":"fr-FR"}]}</script>
<!-- / Yoast SEO plugin. -->

Comment puis-je concevoir un emballage qui reflète l'essence de ma marque et attire les consommateurs ? - Europelab

Collaborez avec des designers pour créer un emballage qui communique [...]

Comment puis-je concevoir un emballage qui reflète l&#8217;essence de ma marque et attire les consommateurs ?
