{"id":14507,"date":"2023-10-22T09:34:03","date_gmt":"2023-10-22T09:34:03","guid":{"rendered":"https:\/\/europelab.ca\/?post_type=avada_faq&#038;p=14507"},"modified":"2023-10-22T09:34:03","modified_gmt":"2023-10-22T09:34:03","slug":"quelles-mesures-dois-je-prendre-sil-y-a-des-changements-dans-la-reglementation-qui-affectent-ma-gamme-de-produits-de-soin-de-la-peau-existante","status":"publish","type":"avada_faq","link":"https:\/\/europelab.ca\/fr\/faq-items\/quelles-mesures-dois-je-prendre-sil-y-a-des-changements-dans-la-reglementation-qui-affectent-ma-gamme-de-produits-de-soin-de-la-peau-existante\/","title":{"rendered":"Quelles mesures dois-je prendre s&rsquo;il y a des changements dans la r\u00e9glementation qui affectent ma gamme de produits de soin de la peau existante ?"},"content":{"rendered":"<p>Restez inform\u00e9 des changements r\u00e9glementaires et \u00e9valuez comment ils impactent vos produits. Ajustez les formulations, l&rsquo;\u00e9tiquetage et les revendications en cons\u00e9quence pour assurer la conformit\u00e9 continue.<\/p>\n","protected":false},"excerpt":{"rendered":"<p>Restez inform\u00e9 des changements r\u00e9glementaires et \u00e9valuez comment ils impactent  [&#8230;]<\/p>\n","protected":false},"author":957,"featured_media":0,"menu_order":0,"comment_status":"open","ping_status":"closed","template":"","format":"standard","meta":{"footnotes":""},"faq_category":[191],"class_list":["post-14507","avada_faq","type-avada_faq","status-publish","format-standard","hentry","faq_category-conformite-reglementaire"],"yoast_head":"<!-- This site is optimized with the Yoast SEO plugin v27.5 - https:\/\/yoast.com\/product\/yoast-seo-wordpress\/ -->\n<title>Quelles mesures dois-je prendre s&#039;il y a des changements dans la r\u00e9glementation qui affectent ma gamme de produits de soin de la peau existante ? - Europelab<\/title>\n<meta name=\"robots\" content=\"index, follow, max-snippet:-1, max-image-preview:large, max-video-preview:-1\" \/>\n<link rel=\"canonical\" href=\"https:\/\/europelab.ca\/fr\/faq-items\/quelles-mesures-dois-je-prendre-sil-y-a-des-changements-dans-la-reglementation-qui-affectent-ma-gamme-de-produits-de-soin-de-la-peau-existante\/\" \/>\n<meta property=\"og:locale\" content=\"fr_FR\" \/>\n<meta property=\"og:type\" content=\"article\" \/>\n<meta property=\"og:title\" content=\"Quelles mesures dois-je prendre s&#039;il y a des changements dans la r\u00e9glementation qui affectent ma gamme de produits de soin de la peau existante ? - Europelab\" \/>\n<meta property=\"og:description\" content=\"Restez inform\u00e9 des changements r\u00e9glementaires et \u00e9valuez comment ils impactent [...]\" \/>\n<meta property=\"og:url\" content=\"https:\/\/europelab.ca\/fr\/faq-items\/quelles-mesures-dois-je-prendre-sil-y-a-des-changements-dans-la-reglementation-qui-affectent-ma-gamme-de-produits-de-soin-de-la-peau-existante\/\" \/>\n<meta property=\"og:site_name\" content=\"Europelab\" \/>\n<meta property=\"og:image\" content=\"https:\/\/europelab.ca\/wp-content\/uploads\/2021\/09\/elab-logo.png\" \/>\n\t<meta property=\"og:image:width\" content=\"189\" \/>\n\t<meta property=\"og:image:height\" content=\"59\" \/>\n\t<meta property=\"og:image:type\" content=\"image\/png\" \/>\n<meta name=\"twitter:card\" content=\"summary_large_image\" \/>\n<script type=\"application\/ld+json\" class=\"yoast-schema-graph\">{\"@context\":\"https:\\\/\\\/schema.org\",\"@graph\":[{\"@type\":\"WebPage\",\"@id\":\"https:\\\/\\\/europelab.ca\\\/fr\\\/faq-items\\\/quelles-mesures-dois-je-prendre-sil-y-a-des-changements-dans-la-reglementation-qui-affectent-ma-gamme-de-produits-de-soin-de-la-peau-existante\\\/\",\"url\":\"https:\\\/\\\/europelab.ca\\\/fr\\\/faq-items\\\/quelles-mesures-dois-je-prendre-sil-y-a-des-changements-dans-la-reglementation-qui-affectent-ma-gamme-de-produits-de-soin-de-la-peau-existante\\\/\",\"name\":\"Quelles mesures dois-je prendre s'il y a des changements dans la r\u00e9glementation qui affectent ma gamme de produits de soin de la peau existante ? - Europelab\",\"isPartOf\":{\"@id\":\"https:\\\/\\\/europelab.ca\\\/fr\\\/#website\"},\"datePublished\":\"2023-10-22T09:34:03+00:00\",\"breadcrumb\":{\"@id\":\"https:\\\/\\\/europelab.ca\\\/fr\\\/faq-items\\\/quelles-mesures-dois-je-prendre-sil-y-a-des-changements-dans-la-reglementation-qui-affectent-ma-gamme-de-produits-de-soin-de-la-peau-existante\\\/#breadcrumb\"},\"inLanguage\":\"fr-FR\",\"potentialAction\":[{\"@type\":\"ReadAction\",\"target\":[\"https:\\\/\\\/europelab.ca\\\/fr\\\/faq-items\\\/quelles-mesures-dois-je-prendre-sil-y-a-des-changements-dans-la-reglementation-qui-affectent-ma-gamme-de-produits-de-soin-de-la-peau-existante\\\/\"]}]},{\"@type\":\"BreadcrumbList\",\"@id\":\"https:\\\/\\\/europelab.ca\\\/fr\\\/faq-items\\\/quelles-mesures-dois-je-prendre-sil-y-a-des-changements-dans-la-reglementation-qui-affectent-ma-gamme-de-produits-de-soin-de-la-peau-existante\\\/#breadcrumb\",\"itemListElement\":[{\"@type\":\"ListItem\",\"position\":1,\"name\":\"Accueil\",\"item\":\"https:\\\/\\\/europelab.ca\\\/fr\\\/\"},{\"@type\":\"ListItem\",\"position\":2,\"name\":\"FAQs\",\"item\":\"https:\\\/\\\/europelab.ca\\\/fr\\\/faq-items\\\/\"},{\"@type\":\"ListItem\",\"position\":3,\"name\":\"Quelles mesures dois-je prendre s&#8217;il y a des changements dans la r\u00e9glementation qui affectent ma gamme de produits de soin de la peau existante ?\"}]},{\"@type\":\"WebSite\",\"@id\":\"https:\\\/\\\/europelab.ca\\\/fr\\\/#website\",\"url\":\"https:\\\/\\\/europelab.ca\\\/fr\\\/\",\"name\":\"Europelab\",\"description\":\"Private Label, Made Simple.\",\"potentialAction\":[{\"@type\":\"SearchAction\",\"target\":{\"@type\":\"EntryPoint\",\"urlTemplate\":\"https:\\\/\\\/europelab.ca\\\/fr\\\/?s={search_term_string}\"},\"query-input\":{\"@type\":\"PropertyValueSpecification\",\"valueRequired\":true,\"valueName\":\"search_term_string\"}}],\"inLanguage\":\"fr-FR\"}]}<\/script>\n<!-- \/ Yoast SEO plugin. -->","yoast_head_json":{"title":"Quelles mesures dois-je prendre s'il y a des changements dans la r\u00e9glementation qui affectent ma gamme de produits de soin de la peau existante ? - Europelab","robots":{"index":"index","follow":"follow","max-snippet":"max-snippet:-1","max-image-preview":"max-image-preview:large","max-video-preview":"max-video-preview:-1"},"canonical":"https:\/\/europelab.ca\/fr\/faq-items\/quelles-mesures-dois-je-prendre-sil-y-a-des-changements-dans-la-reglementation-qui-affectent-ma-gamme-de-produits-de-soin-de-la-peau-existante\/","og_locale":"fr_FR","og_type":"article","og_title":"Quelles mesures dois-je prendre s'il y a des changements dans la r\u00e9glementation qui affectent ma gamme de produits de soin de la peau existante ? - Europelab","og_description":"Restez inform\u00e9 des changements r\u00e9glementaires et \u00e9valuez comment ils impactent [...]","og_url":"https:\/\/europelab.ca\/fr\/faq-items\/quelles-mesures-dois-je-prendre-sil-y-a-des-changements-dans-la-reglementation-qui-affectent-ma-gamme-de-produits-de-soin-de-la-peau-existante\/","og_site_name":"Europelab","og_image":[{"width":189,"height":59,"url":"https:\/\/europelab.ca\/wp-content\/uploads\/2021\/09\/elab-logo.png","type":"image\/png"}],"twitter_card":"summary_large_image","schema":{"@context":"https:\/\/schema.org","@graph":[{"@type":"WebPage","@id":"https:\/\/europelab.ca\/fr\/faq-items\/quelles-mesures-dois-je-prendre-sil-y-a-des-changements-dans-la-reglementation-qui-affectent-ma-gamme-de-produits-de-soin-de-la-peau-existante\/","url":"https:\/\/europelab.ca\/fr\/faq-items\/quelles-mesures-dois-je-prendre-sil-y-a-des-changements-dans-la-reglementation-qui-affectent-ma-gamme-de-produits-de-soin-de-la-peau-existante\/","name":"Quelles mesures dois-je prendre s'il y a des changements dans la r\u00e9glementation qui affectent ma gamme de produits de soin de la peau existante ? - Europelab","isPartOf":{"@id":"https:\/\/europelab.ca\/fr\/#website"},"datePublished":"2023-10-22T09:34:03+00:00","breadcrumb":{"@id":"https:\/\/europelab.ca\/fr\/faq-items\/quelles-mesures-dois-je-prendre-sil-y-a-des-changements-dans-la-reglementation-qui-affectent-ma-gamme-de-produits-de-soin-de-la-peau-existante\/#breadcrumb"},"inLanguage":"fr-FR","potentialAction":[{"@type":"ReadAction","target":["https:\/\/europelab.ca\/fr\/faq-items\/quelles-mesures-dois-je-prendre-sil-y-a-des-changements-dans-la-reglementation-qui-affectent-ma-gamme-de-produits-de-soin-de-la-peau-existante\/"]}]},{"@type":"BreadcrumbList","@id":"https:\/\/europelab.ca\/fr\/faq-items\/quelles-mesures-dois-je-prendre-sil-y-a-des-changements-dans-la-reglementation-qui-affectent-ma-gamme-de-produits-de-soin-de-la-peau-existante\/#breadcrumb","itemListElement":[{"@type":"ListItem","position":1,"name":"Accueil","item":"https:\/\/europelab.ca\/fr\/"},{"@type":"ListItem","position":2,"name":"FAQs","item":"https:\/\/europelab.ca\/fr\/faq-items\/"},{"@type":"ListItem","position":3,"name":"Quelles mesures dois-je prendre s&#8217;il y a des changements dans la r\u00e9glementation qui affectent ma gamme de produits de soin de la peau existante ?"}]},{"@type":"WebSite","@id":"https:\/\/europelab.ca\/fr\/#website","url":"https:\/\/europelab.ca\/fr\/","name":"Europelab","description":"Private Label, Made Simple.","potentialAction":[{"@type":"SearchAction","target":{"@type":"EntryPoint","urlTemplate":"https:\/\/europelab.ca\/fr\/?s={search_term_string}"},"query-input":{"@type":"PropertyValueSpecification","valueRequired":true,"valueName":"search_term_string"}}],"inLanguage":"fr-FR"}]}},"_links":{"self":[{"href":"https:\/\/europelab.ca\/fr\/wp-json\/wp\/v2\/avada_faq\/14507","targetHints":{"allow":["GET"]}}],"collection":[{"href":"https:\/\/europelab.ca\/fr\/wp-json\/wp\/v2\/avada_faq"}],"about":[{"href":"https:\/\/europelab.ca\/fr\/wp-json\/wp\/v2\/types\/avada_faq"}],"author":[{"embeddable":true,"href":"https:\/\/europelab.ca\/fr\/wp-json\/wp\/v2\/users\/957"}],"replies":[{"embeddable":true,"href":"https:\/\/europelab.ca\/fr\/wp-json\/wp\/v2\/comments?post=14507"}],"version-history":[{"count":0,"href":"https:\/\/europelab.ca\/fr\/wp-json\/wp\/v2\/avada_faq\/14507\/revisions"}],"wp:attachment":[{"href":"https:\/\/europelab.ca\/fr\/wp-json\/wp\/v2\/media?parent=14507"}],"wp:term":[{"taxonomy":"faq_category","embeddable":true,"href":"https:\/\/europelab.ca\/fr\/wp-json\/wp\/v2\/faq_category?post=14507"}],"curies":[{"name":"wp","href":"https:\/\/api.w.org\/{rel}","templated":true}]}}

Quelles mesures dois-je prendre s&rsquo;il y a des changements dans la réglementation qui affectent ma gamme de produits de soin de la peau existante ?

<p>Restez informé des changements réglementaires et évaluez comment ils impactent vos produits. Ajustez les formulations, l&rsquo;étiquetage et les revendications en conséquence pour assurer la conformité continue.</p>

<p>Restez informé des changements réglementaires et évaluez comment ils impactent  [&#8230;]</p>

<!-- This site is optimized with the Yoast SEO plugin v27.5 - https://yoast.com/product/yoast-seo-wordpress/ -->
<title>Quelles mesures dois-je prendre s&#039;il y a des changements dans la réglementation qui affectent ma gamme de produits de soin de la peau existante ? - Europelab</title>
<meta name="robots" content="index, follow, max-snippet:-1, max-image-preview:large, max-video-preview:-1" />
<link rel="canonical" href="https://europelab.ca/fr/faq-items/quelles-mesures-dois-je-prendre-sil-y-a-des-changements-dans-la-reglementation-qui-affectent-ma-gamme-de-produits-de-soin-de-la-peau-existante/" />
<meta property="og:locale" content="fr_FR" />
<meta property="og:type" content="article" />
<meta property="og:title" content="Quelles mesures dois-je prendre s&#039;il y a des changements dans la réglementation qui affectent ma gamme de produits de soin de la peau existante ? - Europelab" />
<meta property="og:description" content="Restez informé des changements réglementaires et évaluez comment ils impactent [...]" />
<meta property="og:url" content="https://europelab.ca/fr/faq-items/quelles-mesures-dois-je-prendre-sil-y-a-des-changements-dans-la-reglementation-qui-affectent-ma-gamme-de-produits-de-soin-de-la-peau-existante/" />
<meta property="og:site_name" content="Europelab" />
<meta property="og:image" content="https://europelab.ca/wp-content/uploads/2021/09/elab-logo.png" />
	<meta property="og:image:width" content="189" />
	<meta property="og:image:height" content="59" />
	<meta property="og:image:type" content="image/png" />
<meta name="twitter:card" content="summary_large_image" />
<script type="application/ld+json" class="yoast-schema-graph">{"@context":"https:\/\/schema.org","@graph":[{"@type":"WebPage","@id":"https:\/\/europelab.ca\/fr\/faq-items\/quelles-mesures-dois-je-prendre-sil-y-a-des-changements-dans-la-reglementation-qui-affectent-ma-gamme-de-produits-de-soin-de-la-peau-existante\/","url":"https:\/\/europelab.ca\/fr\/faq-items\/quelles-mesures-dois-je-prendre-sil-y-a-des-changements-dans-la-reglementation-qui-affectent-ma-gamme-de-produits-de-soin-de-la-peau-existante\/","name":"Quelles mesures dois-je prendre s'il y a des changements dans la réglementation qui affectent ma gamme de produits de soin de la peau existante ? - Europelab","isPartOf":{"@id":"https:\/\/europelab.ca\/fr\/#website"},"datePublished":"2023-10-22T09:34:03+00:00","breadcrumb":{"@id":"https:\/\/europelab.ca\/fr\/faq-items\/quelles-mesures-dois-je-prendre-sil-y-a-des-changements-dans-la-reglementation-qui-affectent-ma-gamme-de-produits-de-soin-de-la-peau-existante\/#breadcrumb"},"inLanguage":"fr-FR","potentialAction":[{"@type":"ReadAction","target":["https:\/\/europelab.ca\/fr\/faq-items\/quelles-mesures-dois-je-prendre-sil-y-a-des-changements-dans-la-reglementation-qui-affectent-ma-gamme-de-produits-de-soin-de-la-peau-existante\/"]}]},{"@type":"BreadcrumbList","@id":"https:\/\/europelab.ca\/fr\/faq-items\/quelles-mesures-dois-je-prendre-sil-y-a-des-changements-dans-la-reglementation-qui-affectent-ma-gamme-de-produits-de-soin-de-la-peau-existante\/#breadcrumb","itemListElement":[{"@type":"ListItem","position":1,"name":"Accueil","item":"https:\/\/europelab.ca\/fr\/"},{"@type":"ListItem","position":2,"name":"FAQs","item":"https:\/\/europelab.ca\/fr\/faq-items\/"},{"@type":"ListItem","position":3,"name":"Quelles mesures dois-je prendre s&#8217;il y a des changements dans la réglementation qui affectent ma gamme de produits de soin de la peau existante ?"}]},{"@type":"WebSite","@id":"https:\/\/europelab.ca\/fr\/#website","url":"https:\/\/europelab.ca\/fr\/","name":"Europelab","description":"Private Label, Made Simple.","potentialAction":[{"@type":"SearchAction","target":{"@type":"EntryPoint","urlTemplate":"https:\/\/europelab.ca\/fr\/?s={search_term_string}"},"query-input":{"@type":"PropertyValueSpecification","valueRequired":true,"valueName":"search_term_string"}}],"inLanguage":"fr-FR"}]}</script>
<!-- / Yoast SEO plugin. -->

Quelles mesures dois-je prendre s'il y a des changements dans la réglementation qui affectent ma gamme de produits de soin de la peau existante ? - Europelab

Restez informé des changements réglementaires et évaluez comment ils impactent [...]

Quelles mesures dois-je prendre s&#8217;il y a des changements dans la réglementation qui affectent ma gamme de produits de soin de la peau existante ?
