{"id":14499,"date":"2023-10-22T09:23:10","date_gmt":"2023-10-22T09:23:10","guid":{"rendered":"https:\/\/europelab.ca\/?post_type=avada_faq&#038;p=14499"},"modified":"2023-10-22T09:23:10","modified_gmt":"2023-10-22T09:23:10","slug":"y-a-t-il-des-considerations-reglementaires-lors-du-developpement-de-produits-de-soin-de-la-peau-specialises-tels-que-les-traitements-anti-age-ou-contre-lacne","status":"publish","type":"avada_faq","link":"https:\/\/europelab.ca\/fr\/faq-items\/y-a-t-il-des-considerations-reglementaires-lors-du-developpement-de-produits-de-soin-de-la-peau-specialises-tels-que-les-traitements-anti-age-ou-contre-lacne\/","title":{"rendered":"Y a-t-il des consid\u00e9rations r\u00e9glementaires lors du d\u00e9veloppement de produits de soin de la peau sp\u00e9cialis\u00e9s, tels que les traitements anti-\u00e2ge ou contre l&rsquo;acn\u00e9 ?"},"content":{"rendered":"<p>Oui, les produits sp\u00e9cialis\u00e9s peuvent \u00eatre soumis \u00e0 des exigences r\u00e9glementaires sp\u00e9cifiques en fonction de leur utilisation pr\u00e9vue et de leurs revendications. Recherchez et respectez scrupuleusement ces r\u00e9glementations.<\/p>\n","protected":false},"excerpt":{"rendered":"<p>Oui, les produits sp\u00e9cialis\u00e9s peuvent \u00eatre soumis \u00e0 des exigences  [&#8230;]<\/p>\n","protected":false},"author":957,"featured_media":0,"menu_order":0,"comment_status":"open","ping_status":"closed","template":"","format":"standard","meta":{"footnotes":""},"faq_category":[190],"class_list":["post-14499","avada_faq","type-avada_faq","status-publish","format-standard","hentry","faq_category-developpement-de-produits-et-innovation"],"yoast_head":"<!-- This site is optimized with the Yoast SEO plugin v27.5 - https:\/\/yoast.com\/product\/yoast-seo-wordpress\/ -->\n<title>Y a-t-il des consid\u00e9rations r\u00e9glementaires lors du d\u00e9veloppement de produits de soin de la peau sp\u00e9cialis\u00e9s, tels que les traitements anti-\u00e2ge ou contre l&#039;acn\u00e9 ? - Europelab<\/title>\n<meta name=\"robots\" content=\"index, follow, max-snippet:-1, max-image-preview:large, max-video-preview:-1\" \/>\n<link rel=\"canonical\" href=\"https:\/\/europelab.ca\/fr\/faq-items\/y-a-t-il-des-considerations-reglementaires-lors-du-developpement-de-produits-de-soin-de-la-peau-specialises-tels-que-les-traitements-anti-age-ou-contre-lacne\/\" \/>\n<meta property=\"og:locale\" content=\"fr_FR\" \/>\n<meta property=\"og:type\" content=\"article\" \/>\n<meta property=\"og:title\" content=\"Y a-t-il des consid\u00e9rations r\u00e9glementaires lors du d\u00e9veloppement de produits de soin de la peau sp\u00e9cialis\u00e9s, tels que les traitements anti-\u00e2ge ou contre l&#039;acn\u00e9 ? - Europelab\" \/>\n<meta property=\"og:description\" content=\"Oui, les produits sp\u00e9cialis\u00e9s peuvent \u00eatre soumis \u00e0 des exigences [...]\" \/>\n<meta property=\"og:url\" content=\"https:\/\/europelab.ca\/fr\/faq-items\/y-a-t-il-des-considerations-reglementaires-lors-du-developpement-de-produits-de-soin-de-la-peau-specialises-tels-que-les-traitements-anti-age-ou-contre-lacne\/\" \/>\n<meta property=\"og:site_name\" content=\"Europelab\" \/>\n<meta property=\"og:image\" content=\"https:\/\/europelab.ca\/wp-content\/uploads\/2021\/09\/elab-logo.png\" \/>\n\t<meta property=\"og:image:width\" content=\"189\" \/>\n\t<meta property=\"og:image:height\" content=\"59\" \/>\n\t<meta property=\"og:image:type\" content=\"image\/png\" \/>\n<meta name=\"twitter:card\" content=\"summary_large_image\" \/>\n<script type=\"application\/ld+json\" class=\"yoast-schema-graph\">{\"@context\":\"https:\\\/\\\/schema.org\",\"@graph\":[{\"@type\":\"WebPage\",\"@id\":\"https:\\\/\\\/europelab.ca\\\/fr\\\/faq-items\\\/y-a-t-il-des-considerations-reglementaires-lors-du-developpement-de-produits-de-soin-de-la-peau-specialises-tels-que-les-traitements-anti-age-ou-contre-lacne\\\/\",\"url\":\"https:\\\/\\\/europelab.ca\\\/fr\\\/faq-items\\\/y-a-t-il-des-considerations-reglementaires-lors-du-developpement-de-produits-de-soin-de-la-peau-specialises-tels-que-les-traitements-anti-age-ou-contre-lacne\\\/\",\"name\":\"Y a-t-il des consid\u00e9rations r\u00e9glementaires lors du d\u00e9veloppement de produits de soin de la peau sp\u00e9cialis\u00e9s, tels que les traitements anti-\u00e2ge ou contre l'acn\u00e9 ? - Europelab\",\"isPartOf\":{\"@id\":\"https:\\\/\\\/europelab.ca\\\/fr\\\/#website\"},\"datePublished\":\"2023-10-22T09:23:10+00:00\",\"breadcrumb\":{\"@id\":\"https:\\\/\\\/europelab.ca\\\/fr\\\/faq-items\\\/y-a-t-il-des-considerations-reglementaires-lors-du-developpement-de-produits-de-soin-de-la-peau-specialises-tels-que-les-traitements-anti-age-ou-contre-lacne\\\/#breadcrumb\"},\"inLanguage\":\"fr-FR\",\"potentialAction\":[{\"@type\":\"ReadAction\",\"target\":[\"https:\\\/\\\/europelab.ca\\\/fr\\\/faq-items\\\/y-a-t-il-des-considerations-reglementaires-lors-du-developpement-de-produits-de-soin-de-la-peau-specialises-tels-que-les-traitements-anti-age-ou-contre-lacne\\\/\"]}]},{\"@type\":\"BreadcrumbList\",\"@id\":\"https:\\\/\\\/europelab.ca\\\/fr\\\/faq-items\\\/y-a-t-il-des-considerations-reglementaires-lors-du-developpement-de-produits-de-soin-de-la-peau-specialises-tels-que-les-traitements-anti-age-ou-contre-lacne\\\/#breadcrumb\",\"itemListElement\":[{\"@type\":\"ListItem\",\"position\":1,\"name\":\"Accueil\",\"item\":\"https:\\\/\\\/europelab.ca\\\/fr\\\/\"},{\"@type\":\"ListItem\",\"position\":2,\"name\":\"FAQs\",\"item\":\"https:\\\/\\\/europelab.ca\\\/fr\\\/faq-items\\\/\"},{\"@type\":\"ListItem\",\"position\":3,\"name\":\"Y a-t-il des consid\u00e9rations r\u00e9glementaires lors du d\u00e9veloppement de produits de soin de la peau sp\u00e9cialis\u00e9s, tels que les traitements anti-\u00e2ge ou contre l&#8217;acn\u00e9 ?\"}]},{\"@type\":\"WebSite\",\"@id\":\"https:\\\/\\\/europelab.ca\\\/fr\\\/#website\",\"url\":\"https:\\\/\\\/europelab.ca\\\/fr\\\/\",\"name\":\"Europelab\",\"description\":\"Private Label, Made Simple.\",\"potentialAction\":[{\"@type\":\"SearchAction\",\"target\":{\"@type\":\"EntryPoint\",\"urlTemplate\":\"https:\\\/\\\/europelab.ca\\\/fr\\\/?s={search_term_string}\"},\"query-input\":{\"@type\":\"PropertyValueSpecification\",\"valueRequired\":true,\"valueName\":\"search_term_string\"}}],\"inLanguage\":\"fr-FR\"}]}<\/script>\n<!-- \/ Yoast SEO plugin. -->","yoast_head_json":{"title":"Y a-t-il des consid\u00e9rations r\u00e9glementaires lors du d\u00e9veloppement de produits de soin de la peau sp\u00e9cialis\u00e9s, tels que les traitements anti-\u00e2ge ou contre l'acn\u00e9 ? - Europelab","robots":{"index":"index","follow":"follow","max-snippet":"max-snippet:-1","max-image-preview":"max-image-preview:large","max-video-preview":"max-video-preview:-1"},"canonical":"https:\/\/europelab.ca\/fr\/faq-items\/y-a-t-il-des-considerations-reglementaires-lors-du-developpement-de-produits-de-soin-de-la-peau-specialises-tels-que-les-traitements-anti-age-ou-contre-lacne\/","og_locale":"fr_FR","og_type":"article","og_title":"Y a-t-il des consid\u00e9rations r\u00e9glementaires lors du d\u00e9veloppement de produits de soin de la peau sp\u00e9cialis\u00e9s, tels que les traitements anti-\u00e2ge ou contre l'acn\u00e9 ? - Europelab","og_description":"Oui, les produits sp\u00e9cialis\u00e9s peuvent \u00eatre soumis \u00e0 des exigences [...]","og_url":"https:\/\/europelab.ca\/fr\/faq-items\/y-a-t-il-des-considerations-reglementaires-lors-du-developpement-de-produits-de-soin-de-la-peau-specialises-tels-que-les-traitements-anti-age-ou-contre-lacne\/","og_site_name":"Europelab","og_image":[{"width":189,"height":59,"url":"https:\/\/europelab.ca\/wp-content\/uploads\/2021\/09\/elab-logo.png","type":"image\/png"}],"twitter_card":"summary_large_image","schema":{"@context":"https:\/\/schema.org","@graph":[{"@type":"WebPage","@id":"https:\/\/europelab.ca\/fr\/faq-items\/y-a-t-il-des-considerations-reglementaires-lors-du-developpement-de-produits-de-soin-de-la-peau-specialises-tels-que-les-traitements-anti-age-ou-contre-lacne\/","url":"https:\/\/europelab.ca\/fr\/faq-items\/y-a-t-il-des-considerations-reglementaires-lors-du-developpement-de-produits-de-soin-de-la-peau-specialises-tels-que-les-traitements-anti-age-ou-contre-lacne\/","name":"Y a-t-il des consid\u00e9rations r\u00e9glementaires lors du d\u00e9veloppement de produits de soin de la peau sp\u00e9cialis\u00e9s, tels que les traitements anti-\u00e2ge ou contre l'acn\u00e9 ? - Europelab","isPartOf":{"@id":"https:\/\/europelab.ca\/fr\/#website"},"datePublished":"2023-10-22T09:23:10+00:00","breadcrumb":{"@id":"https:\/\/europelab.ca\/fr\/faq-items\/y-a-t-il-des-considerations-reglementaires-lors-du-developpement-de-produits-de-soin-de-la-peau-specialises-tels-que-les-traitements-anti-age-ou-contre-lacne\/#breadcrumb"},"inLanguage":"fr-FR","potentialAction":[{"@type":"ReadAction","target":["https:\/\/europelab.ca\/fr\/faq-items\/y-a-t-il-des-considerations-reglementaires-lors-du-developpement-de-produits-de-soin-de-la-peau-specialises-tels-que-les-traitements-anti-age-ou-contre-lacne\/"]}]},{"@type":"BreadcrumbList","@id":"https:\/\/europelab.ca\/fr\/faq-items\/y-a-t-il-des-considerations-reglementaires-lors-du-developpement-de-produits-de-soin-de-la-peau-specialises-tels-que-les-traitements-anti-age-ou-contre-lacne\/#breadcrumb","itemListElement":[{"@type":"ListItem","position":1,"name":"Accueil","item":"https:\/\/europelab.ca\/fr\/"},{"@type":"ListItem","position":2,"name":"FAQs","item":"https:\/\/europelab.ca\/fr\/faq-items\/"},{"@type":"ListItem","position":3,"name":"Y a-t-il des consid\u00e9rations r\u00e9glementaires lors du d\u00e9veloppement de produits de soin de la peau sp\u00e9cialis\u00e9s, tels que les traitements anti-\u00e2ge ou contre l&#8217;acn\u00e9 ?"}]},{"@type":"WebSite","@id":"https:\/\/europelab.ca\/fr\/#website","url":"https:\/\/europelab.ca\/fr\/","name":"Europelab","description":"Private Label, Made Simple.","potentialAction":[{"@type":"SearchAction","target":{"@type":"EntryPoint","urlTemplate":"https:\/\/europelab.ca\/fr\/?s={search_term_string}"},"query-input":{"@type":"PropertyValueSpecification","valueRequired":true,"valueName":"search_term_string"}}],"inLanguage":"fr-FR"}]}},"_links":{"self":[{"href":"https:\/\/europelab.ca\/fr\/wp-json\/wp\/v2\/avada_faq\/14499","targetHints":{"allow":["GET"]}}],"collection":[{"href":"https:\/\/europelab.ca\/fr\/wp-json\/wp\/v2\/avada_faq"}],"about":[{"href":"https:\/\/europelab.ca\/fr\/wp-json\/wp\/v2\/types\/avada_faq"}],"author":[{"embeddable":true,"href":"https:\/\/europelab.ca\/fr\/wp-json\/wp\/v2\/users\/957"}],"replies":[{"embeddable":true,"href":"https:\/\/europelab.ca\/fr\/wp-json\/wp\/v2\/comments?post=14499"}],"version-history":[{"count":0,"href":"https:\/\/europelab.ca\/fr\/wp-json\/wp\/v2\/avada_faq\/14499\/revisions"}],"wp:attachment":[{"href":"https:\/\/europelab.ca\/fr\/wp-json\/wp\/v2\/media?parent=14499"}],"wp:term":[{"taxonomy":"faq_category","embeddable":true,"href":"https:\/\/europelab.ca\/fr\/wp-json\/wp\/v2\/faq_category?post=14499"}],"curies":[{"name":"wp","href":"https:\/\/api.w.org\/{rel}","templated":true}]}}

Y a-t-il des considérations réglementaires lors du développement de produits de soin de la peau spécialisés, tels que les traitements anti-âge ou contre l&rsquo;acné ?

<p>Oui, les produits spécialisés peuvent être soumis à des exigences réglementaires spécifiques en fonction de leur utilisation prévue et de leurs revendications. Recherchez et respectez scrupuleusement ces réglementations.</p>

<p>Oui, les produits spécialisés peuvent être soumis à des exigences  [&#8230;]</p>

<!-- This site is optimized with the Yoast SEO plugin v27.5 - https://yoast.com/product/yoast-seo-wordpress/ -->
<title>Y a-t-il des considérations réglementaires lors du développement de produits de soin de la peau spécialisés, tels que les traitements anti-âge ou contre l&#039;acné ? - Europelab</title>
<meta name="robots" content="index, follow, max-snippet:-1, max-image-preview:large, max-video-preview:-1" />
<link rel="canonical" href="https://europelab.ca/fr/faq-items/y-a-t-il-des-considerations-reglementaires-lors-du-developpement-de-produits-de-soin-de-la-peau-specialises-tels-que-les-traitements-anti-age-ou-contre-lacne/" />
<meta property="og:locale" content="fr_FR" />
<meta property="og:type" content="article" />
<meta property="og:title" content="Y a-t-il des considérations réglementaires lors du développement de produits de soin de la peau spécialisés, tels que les traitements anti-âge ou contre l&#039;acné ? - Europelab" />
<meta property="og:description" content="Oui, les produits spécialisés peuvent être soumis à des exigences [...]" />
<meta property="og:url" content="https://europelab.ca/fr/faq-items/y-a-t-il-des-considerations-reglementaires-lors-du-developpement-de-produits-de-soin-de-la-peau-specialises-tels-que-les-traitements-anti-age-ou-contre-lacne/" />
<meta property="og:site_name" content="Europelab" />
<meta property="og:image" content="https://europelab.ca/wp-content/uploads/2021/09/elab-logo.png" />
	<meta property="og:image:width" content="189" />
	<meta property="og:image:height" content="59" />
	<meta property="og:image:type" content="image/png" />
<meta name="twitter:card" content="summary_large_image" />
<script type="application/ld+json" class="yoast-schema-graph">{"@context":"https:\/\/schema.org","@graph":[{"@type":"WebPage","@id":"https:\/\/europelab.ca\/fr\/faq-items\/y-a-t-il-des-considerations-reglementaires-lors-du-developpement-de-produits-de-soin-de-la-peau-specialises-tels-que-les-traitements-anti-age-ou-contre-lacne\/","url":"https:\/\/europelab.ca\/fr\/faq-items\/y-a-t-il-des-considerations-reglementaires-lors-du-developpement-de-produits-de-soin-de-la-peau-specialises-tels-que-les-traitements-anti-age-ou-contre-lacne\/","name":"Y a-t-il des considérations réglementaires lors du développement de produits de soin de la peau spécialisés, tels que les traitements anti-âge ou contre l'acné ? - Europelab","isPartOf":{"@id":"https:\/\/europelab.ca\/fr\/#website"},"datePublished":"2023-10-22T09:23:10+00:00","breadcrumb":{"@id":"https:\/\/europelab.ca\/fr\/faq-items\/y-a-t-il-des-considerations-reglementaires-lors-du-developpement-de-produits-de-soin-de-la-peau-specialises-tels-que-les-traitements-anti-age-ou-contre-lacne\/#breadcrumb"},"inLanguage":"fr-FR","potentialAction":[{"@type":"ReadAction","target":["https:\/\/europelab.ca\/fr\/faq-items\/y-a-t-il-des-considerations-reglementaires-lors-du-developpement-de-produits-de-soin-de-la-peau-specialises-tels-que-les-traitements-anti-age-ou-contre-lacne\/"]}]},{"@type":"BreadcrumbList","@id":"https:\/\/europelab.ca\/fr\/faq-items\/y-a-t-il-des-considerations-reglementaires-lors-du-developpement-de-produits-de-soin-de-la-peau-specialises-tels-que-les-traitements-anti-age-ou-contre-lacne\/#breadcrumb","itemListElement":[{"@type":"ListItem","position":1,"name":"Accueil","item":"https:\/\/europelab.ca\/fr\/"},{"@type":"ListItem","position":2,"name":"FAQs","item":"https:\/\/europelab.ca\/fr\/faq-items\/"},{"@type":"ListItem","position":3,"name":"Y a-t-il des considérations réglementaires lors du développement de produits de soin de la peau spécialisés, tels que les traitements anti-âge ou contre l&#8217;acné ?"}]},{"@type":"WebSite","@id":"https:\/\/europelab.ca\/fr\/#website","url":"https:\/\/europelab.ca\/fr\/","name":"Europelab","description":"Private Label, Made Simple.","potentialAction":[{"@type":"SearchAction","target":{"@type":"EntryPoint","urlTemplate":"https:\/\/europelab.ca\/fr\/?s={search_term_string}"},"query-input":{"@type":"PropertyValueSpecification","valueRequired":true,"valueName":"search_term_string"}}],"inLanguage":"fr-FR"}]}</script>
<!-- / Yoast SEO plugin. -->

Y a-t-il des considérations réglementaires lors du développement de produits de soin de la peau spécialisés, tels que les traitements anti-âge ou contre l'acné ? - Europelab

Oui, les produits spécialisés peuvent être soumis à des exigences [...]

Y a-t-il des considérations réglementaires lors du développement de produits de soin de la peau spécialisés, tels que les traitements anti-âge ou contre l&#8217;acné ?
